 3) + 2 + -8 + 7?
-1
Evaluate (1 - (8 + 0)) + 7.
0
Calculate 12 - (16 - -3) - (-2 - 0).
-5
-19 + 11 + (1 - 0) + -4
-11
Evaluate 5 - (-2 + (6 - 2)).
3
Evaluate -5 + 0 + 6 + -3.
-2
Evaluate 8 + (5 - 20) + 7.
0
Evaluate (2 - (4 + -2)) + -1.
-1
(2 - 2) + -1 - -2 - 3
-2
What is the value of 4 + (-3 + -2 - 2)?
-3
What is the value of -3 + 6 - (2 - (4 + 0))?
5
What is the value of (-7 - -2) + -1 + 1?
-5
1 + 8 - (5 + 5)
-1
Evaluate 4 + 1 + -4 + -4.
-3
(46 - 41) + (-4 - -2)
3
Evaluate -1 + 5 + -7 + (-1 - -4).
0
-10 + 4 + (-6 - -2) + 6
-4
Calculate 2 + (-2 - (-3 + -3 + 4)).
2
Evaluate 3 - ((11 - 4) + -1 + -2).
-1
Calculate -3 + (0 - -7) + (3 - 7).
0
Calculate (-19 - -5) + 8 + 0 + 8.
2
Evaluate 5 - (7 + -7 + 0 + 0).
5
-2 + (0 + 4 - (-3 + 4))
1
Calculate -3 - (4 - ((1 - 2) + 6)).
-2
What is the value of 2 + (-3 - -5) - 11?
-7
What is the value of ((7 - -2) + 3 - 5) + -18?
-11
What is 3 + (-10 - 6) + 9 + -2?
-6
8 - (-2 - 1) - 6 - 5
0
Evaluate (1 - 0) + 1 + -4.
-2
What is the value of 0 + 4 - -1 - 0?
5
What is the value of 0 + -11 + 71 + -58?
2
What is the value of 10 + 1 + -6 + 1?
6
What is the value of -2 + -1 - (38 + -36)?
-5
What is (-11 - -25) + (-2 - 12)?
0
What is 8 + -4 + (2 - (1 + 2))?
3
What is the value of 1 - (7 + (15 + -9 - 6))?
-6
What is -11 + 1 - ((-15 - -23) + -11)?
-7
Evaluate (-5 - -5) + (-2 - -1) + 4.
3
Calculate 4 - (1 + (2 - 1 - -2)).
0
0 - 0 - (1 + 5) - -2
-4
-3 - -1 - (17 + -22)
3
Evaluate -13 + 10 + (2 - -8).
7
Calculate 5 + 7 + -1 + -5.
6
What is the value of -119 + 122 - (0 + (6 - 1))?
-2
Evaluate (1 - 7) + (-7 - -1 - -6).
-6
4 - 1 - 1 - -1
3
-5 - (-7 + 5 - 9)
6
(-7 - -1) + 2 + 6 + -2
0
What is the value of -2 - ((11 - 6) + -8)?
1
Calculate -7 + 8 - -13 - 8.
6
What is the value of (45 - 50) + (0 - -10) + 1?
6
What is the value of 8 + (8 + -17 - -7)?
6
Calculate (-14 - -6) + (4 - -9).
5
Calculate -4 + (5 - (7 + -2)).
-4
Evaluate 2 + 3 - (-2 - -3).
4
What is the value of -4 + 1 + -10 + 7?
-6
What is 1 + (15 + -19 - (0 - 0))?
-3
What is the value of -9 + (2 - (-4 + 3))?
-6
What is 2 + -7 - (-1 + -1)?
-3
What is the value of 6 + -2 - (9 + -6)?
1
Calculate -3 + 6 + (-1 - -1).
3
What is 0 + (2 + -9 - -5)?
-2
Evaluate -34 - -25 - (1 - 9).
-1
Calculate 4 - 1 - (5 + 7) - -4.
-5
What is the value of 0 + (-12 - -24 - 14)?
-2
What is the value of (0 - (2 + -4)) + -1?
1
Evaluate 7 - (-6 - (-3 - 14)).
-4
-1 + 7 - (-7 - (-6 - 1))
6
Calculate 5 + 11 + (3 - 12).
7
Calculate 5 - 0 - (-1 + -2 + 7).
1
Calculate (-7 - 1) + 16 + -12.
-4
(0 - 4) + 149 + -148
-3
What is the value of 6 + -10 + 22 + -13?
5
1 + -7 + (-16 - -19)
-3
What is (-12 - -6) + (-2 - -1) - -4?
-3
5 - (-2 + -3 + 12)
-2
7 - (-7 - -17) - (-2 + 1)
-2
Evaluate 2 - (-1 + -3 + 6).
0
What is the value of (11 - (-1 + 2)) + -5 - 2?
3
8 + (-7 - -2) + 0
3
2 - 4 - (-7 + 8)
-3
1 + 3 + -1 + (-13 - -14)
4
Evaluate -148 + 149 - (1 - 5).
5
Calculate (4 - 2) + 4 - (29 + -24).
1
-6 - (-5 + (5 - 1)) - -8
3
Calculate -1 + -2 + 9 + 6 + -9.
3
Calculate -5 + 2 + 2 + (-1 - 0).
-2
4 - (-29 + 40 - (1 - 1))
-7
What is the value of -6 + 2 + -15 + 24?
5
What is the value of (24 - 24) + (3 - 1)?
2
Calculate 11 + 2 + (4 - 25).
-8
What is -5 - (-4 + 4 - -1)?
-6
What is (6 - 3 - 3) + 2?
2
What is -6 + (4 + 0 - 3)?
-5
Calculate 0 - ((-3 - 1 - 2) + 1).
5
Calculate 1 + 13 + -57 + 50.
7
Calculate -1 + 7 + (-3 + 3 - 4).
2
-3 + 0 - (10 - (13 - 1))
-1
Calculate 0 - (1 + -1) - (-1 - -4).
-3
What is -4 - -11 - (-6 - -16)?
-3
What is -2 + (-5 + 7 + 1 - -1)?
2
What is 47 + -49 - (-2 - -2)?
-2
What is (-8 - (-25 - -17)) + 1 + 1?
2
What is the value of -9 + 8 - -3 - 8?
-6
Calculate -6 + (0 + 5 - -6).
5
Evaluate 3 + (6 - 4 - (5 + 1)).
-1
Evaluate 4 + -4 - -3 - (-3 - -8).
-2
(-3 - (3 - 10)) + (-1 - 0)
3
5 + -9 - (0 - (-5 - -17))
8
What is 6 + (3 - (5 - -2))?
2
-3 - (0 + (2 - 3) - 3)
1
Calculate -1 - (11 - 9) - (10 - 2).
-11
37 + -34 - (5 + -1)
-1
Evaluate 7 + -4 - (9 - 7).
1
Evaluate -6 + 18 + -2 + -5.
5
What is 9 + -22 - (-8 + 1)?
-6
-7 + (4 - -5) - (-5 + 9)
-2
Calculate -10 - (-10 - 6) - (1 - 1).
6
What is 0 + 4 - (53 + -47)?
-2
Evaluate (4 - 7) + (11 - 5) + -1.
2
Calculate 1 - 0 - (21 + -18).
-2
Calculate -1 - 2 - -5 - (-2 + 1).
3
What is the value of -1 + 3 + 19 + -22?
-1
(-29 - -32) + (-1 - 1)
1
Calculate 10 + (-8 - -6) + -4.
4
What is 145 + -140 + (-3 - 1) + -2?
-1
Evaluate 5 - ((-9 - -10) + -2).
6
Calculate 6 + (6 - 8 - -1).
5
What is (6 + -2 + 1 - 3) + -3?
-1
What is -7 + (2 - 1) + 33 + -30?
-3
-3 + (-5 - -11 - 3 - 2)
-2
Calculate -2 - (5 - (0 + 6)).
-1
Calculate -2 + 0 + 3 + 0 - 3.
-2
(1 - -4) + -1 + -36 + 37
5
Evaluate (-4 - (-3 - (8 - 7))) + 3.
3
What is the value of 4 + 7 + (7 - 9)?
9
What is the value of 0 + 2 + (-11 - -8)?
-1
What is -7 + (10 - (2 + 8 - 2))?
-5
What is 30 - 24 - (13 + (3 - 5))?
-5
What is -8 - -7 - (-4 + -2 - 0)?
5
What is 0 + (-1 - -1) - (-44 - -47)?
-3
What is the value of -5 + (-1 - 1) + (-39 - -41)?
-5
Evaluate 0 - 2 - (3 + -4).
-1
Evaluate 0 - (3 - -1) - 1.
-5
What is 0 - (-6 - -2) - (6 - 1)?
-1
What is -6 + 0 + (5 - 1) - 5?
-7
What is (3 - 5) + 1 + -1 + 1?
-1
Calculate -4 + 0 + 4 + (-4 - -9).
5
Calculate (-5 + 2 + 1 - -1) + 1.
0
What is 1 + -5 + (4 - (3 + 0))?
-3
What is 9 + -6 - (6 - (-1 + 1))?
-3
What is the value of 8 + -1 + -25 + 12?
-6
What is the value of 0 + (-2 - -2 - 1) - 3?
-4
What is (8 - 23) + 6 - -8?
-1
What is the value of 1 + -4 + 13 + 3 + -8?
5
What is the value of (5 - 1 - 11) + 3 + 0?
-4
Calculate -5 + -1 + 1 + 0.
-5
Calculate -2 + 8 + -14 - -1.
-7
What is (3 - 4) + (-3 - 0 - 1)?
-5
What is 2 + (-2 - -6) + -8 + 4?
2
What is the value of 10 + -6 - (3 + -3)?
4
Evaluate 17 + (1 + -1 - 2) - 6.
9
What is the value of 7 + -10 + 7 + -7 + 2?
-1
Evaluate 1 - 2 - (0 + 0 + 2).
-3
What is the value of -1 + -2 - (-1 + 2 - 7)?
3
Evaluate 12 + 0 - (1 + 5) - 8.
-2
What is 2 - -4 - (7 - 6)?
5
Evaluate 14 + -9 + (6 - 8).
3
Evaluate -3 - -5 - (-59 - -52).
9
Calculate 2 + 9 + -8 + (1 - 5).
-1
What is the value of (-3 - 0) + (-7 - -7) - 2?
-5
Calculate -6 - -13 - (2 + 1).
4
0 + 0 - (0 + 3 + -4)
1
Calculate 6 + (0 - -3) - 7.
2
(-4 - 15) + 8 - -6
-5
What is the value of (5 + 4 - 9) + 1?
1
Calculate 0 + 0 - (59 + -57).
-2
Evaluate 0 + 2 - (1 - -2 - 1).
0
Calculate (2 - (0 + -2 + 6)) + -1.
-3
What is the value of 17 + -13 - (2 + 2 + -2)?
2
-8 + (1 - 0) + -3 + 8
-2
What is 54 + -53 + (1 - (-2 - -3))?
1
(-28 - -31) + -1 + 2
4
What is the value of -6 - (-3 - 9) - 8?
-2
-5 - (0 - 0) - -8
3
Calculate -5 + 0 + 0 - 1 - -2.
-4
What is the value of (5 + 8 - 0 - -5) + -7?
11
What is the value of -3 + -3 + -3 + 6 - -2?
-1
What is the value of (2 + -1 - -3) + -1 - 8?
-5
What is the value of 20 + -17 - ((0 - 0) + -2)?
5
Evaluate 0 - (9 + (-7 + 14 - 27)).
11
7 - 3 - (-4 + 5 + -2)
5
What is the value of -109 + 103 + (-1 + 2 - 1)?
-6
What is -52 + 53 + (1 - -1)?
3
Evaluate 1 + (0 - (-7 - -1)) + -2.
5
What is the value of (0 - -1) + (17 - 18) + -1?
-1
Calculate -9 - (9 + -15 + 2).
-5
What is (1 - -1) + (-2 - -1) + 2?
3
Calculate (-7 - -19) + -4 + -4.
4
Calculate 3 + -2 - ((10 - 2) + -4).
-3
What is the value of 1 + (6 - (-3 - (-2 - -2)))?
10
Evaluate -2 + -14 + 21 + -6 + 1.
0
(4 - 3) + 6 + (-6 - -3)
4
1 + (2 - -4 - 6) - 5
-4
What is the value of -2 - 4 - -5 - 1?
-2
-5 + 2 + 10 + -2
5
2 + (-5 - 1) - -1
-3
Calculate 1 - 5 - (-3 + -2).
1
What is -16 + (10 - 3) + 4?
-5
-6 + -4 + -1 + 9
-2
What is -2 + 7 - (6 - 3)?
2
Evaluate -3 + -10 + (1 - -11).
-1
Evaluate -2 - -4 - (-4 + -4 + 5).
5
Evaluate 2 - (2 + 1 + 0).
-1
Calculate (0 - (-15 + 8)) + -2.
5
What is the value of (1 - (-2 - 0 - 1)) + -3?
1
0 + 2 - (4 - (-1 - -8))
5
What is the value of 10 + 2 + -2 + -11 + 6?
5
Evaluate -6 + 8 - (13 + -17).
6
Evaluate -1 + 1 + (-4 - -4).
0
What is the value of 1 + (-5 - (6 - 2 - 1))?
-7
Evaluate (3 - (-1 - 0)) + (9 - 9).
4
Calculate 5 + -7 + (-1 - 0 - -4).
1
Evaluate -3 + 3 - (7 - (5 + -5)).
-7
Calculate -25 + 24 + (-2 - (1 - 8)).
4
What is -8 - (-5 + (4 - 7))?
0
What is the value of -2 + 11 + (-6 - -2) + 4?
9
What is the value of (-2 - (0 + -4)) + -5?
-3
1 + 2 - (-6 - -4) - 0
5
Calculate (-9 - (-8 - -2)) + 5 + 2.
4
3 + (-4 - 7 - (-2 + -5))
-1
-4 + -5 - (-14 - -6)
-1
-6 + 7 + (10 - 8)
3
-4 + 0 + (-5 - (-8 - 1))
0
What is the value of -28 + 47 - (-1 + 11)?
9
Calculate (-1 - 9) + -16 + 17 - -4.
-5
(-1 + -1 - (13 - 17)) + 3
5
7 + -9 - 